{"id":2499,"date":"2022-12-29T14:32:14","date_gmt":"2022-12-29T14:32:14","guid":{"rendered":"https:\/\/granreproductor.cl\/?post_type=product&#038;p=2499"},"modified":"2022-12-29T14:32:14","modified_gmt":"2022-12-29T14:32:14","slug":"cristal-1","status":"publish","type":"product","link":"https:\/\/granreproductor.cl\/index.php\/producto\/cristal-1\/","title":{"rendered":"Cristal 1"},"content":{"rendered":"<p><i>Intenso color rojo rub\u00ed. En nariz descubrimos la personalidad del <\/i><i>terroir<\/i><i> de Cauquenes, con frutas rojas como ciruelas y <\/i><i>blueberrys<\/i><i> en perfecto equilibrio con su envejecimiento en roble franc\u00e9s. Con notas a caf\u00e9 y delicadas notas a vainilla. Estos Vinos llevan a su mesa la historia de los Padres de Raza de nuestro caballo chileno.<\/i><\/p>\n<p>Naci\u00f3 en 1903, hijo del gran potro Guante II, perteneci\u00f3 al criadero\u00a0 \u201cAculeo\u201d y otros m\u00e1s, entre ellos a Don Adolfo Luco, y a la \u201cHacienda Mariposas\u201d de Talca de Don Alberto Parot. Este ejemplar fue mulato oscuro,\u00a0 acarnerado, cabeza larga, de gran centro, de grandes adornos y bellos crines. Sus caracter\u00edsticas importantes fueron que pose\u00eda silla de patr\u00f3n, vida deportiva bastante larga y competitiva, nunca decay\u00f3 y seg\u00fan la opini\u00f3n del gran criador\u00a0Don Adolfo Luco, era el mejor caballo de la Raza en su \u00e9poca, siendo actualmente la\u00a0 base en la crianza actual.<\/p>\n","protected":false},"excerpt":{"rendered":"<p>Intenso color rojo rub\u00ed. En nariz descubrimos la personalidad del terroir de Cauquenes, con frutas rojas como ciruelas y blueberrys en perfecto equilibrio con su envejecimiento en roble franc\u00e9s. Con notas a caf\u00e9 y delicadas notas a vainilla. Estos Vinos llevan a su mesa la historia de los Padres de Raza de nuestro caballo chileno. [&hellip;]<\/p>\n","protected":false},"featured_media":2500,"comment_status":"closed","ping_status":"closed","template":"","meta":[],"product_brand":[],"product_cat":[67],"product_tag":[],"class_list":{"0":"post-2499","1":"product","2":"type-product","3":"status-publish","4":"has-post-thumbnail","6":"product_cat-cabernet-sauvignon","8":"first","9":"instock","10":"shipping-taxable","11":"product-type-simple"},"_links":{"self":[{"href":"https:\/\/granreproductor.cl\/index.php\/wp-json\/wp\/v2\/product\/2499","targetHints":{"allow":["GET"]}}],"collection":[{"href":"https:\/\/granreproductor.cl\/index.php\/wp-json\/wp\/v2\/product"}],"about":[{"href":"https:\/\/granreproductor.cl\/index.php\/wp-json\/wp\/v2\/types\/product"}],"replies":[{"embeddable":true,"href":"https:\/\/granreproductor.cl\/index.php\/wp-json\/wp\/v2\/comments?post=2499"}],"version-history":[{"count":1,"href":"https:\/\/granreproductor.cl\/index.php\/wp-json\/wp\/v2\/product\/2499\/revisions"}],"predecessor-version":[{"id":2502,"href":"https:\/\/granreproductor.cl\/index.php\/wp-json\/wp\/v2\/product\/2499\/revisions\/2502"}],"wp:featuredmedia":[{"embeddable":true,"href":"https:\/\/granreproductor.cl\/index.php\/wp-json\/wp\/v2\/media\/2500"}],"wp:attachment":[{"href":"https:\/\/granreproductor.cl\/index.php\/wp-json\/wp\/v2\/media?parent=2499"}],"wp:term":[{"taxonomy":"product_brand","embeddable":true,"href":"https:\/\/granreproductor.cl\/index.php\/wp-json\/wp\/v2\/product_brand?post=2499"},{"taxonomy":"product_cat","embeddable":true,"href":"https:\/\/granreproductor.cl\/index.php\/wp-json\/wp\/v2\/product_cat?post=2499"},{"taxonomy":"product_tag","embeddable":true,"href":"https:\/\/granreproductor.cl\/index.php\/wp-json\/wp\/v2\/product_tag?post=2499"}],"curies":[{"name":"wp","href":"https:\/\/api.w.org\/{rel}","templated":true}]}}

<p><i>Intenso color rojo rubí. En nariz descubrimos la personalidad del </i><i>terroir</i><i> de Cauquenes, con frutas rojas como ciruelas y </i><i>blueberrys</i><i> en perfecto equilibrio con su envejecimiento en roble francés. Con notas a café y delicadas notas a vainilla. Estos Vinos llevan a su mesa la historia de los Padres de Raza de nuestro caballo chileno.</i></p>
<p>Nació en 1903, hijo del gran potro Guante II, perteneció al criadero  “Aculeo” y otros más, entre ellos a Don Adolfo Luco, y a la “Hacienda Mariposas” de Talca de Don Alberto Parot. Este ejemplar fue mulato oscuro,  acarnerado, cabeza larga, de gran centro, de grandes adornos y bellos crines. Sus características importantes fueron que poseía silla de patrón, vida deportiva bastante larga y competitiva, nunca decayó y según la opinión del gran criador Don Adolfo Luco, era el mejor caballo de la Raza en su época, siendo actualmente la  base en la crianza actual.</p>

<p>Intenso color rojo rubí. En nariz descubrimos la personalidad del terroir de Cauquenes, con frutas rojas como ciruelas y blueberrys en perfecto equilibrio con su envejecimiento en roble francés. Con notas a café y delicadas notas a vainilla. Estos Vinos llevan a su mesa la historia de los Padres de Raza de nuestro caballo chileno. [&hellip;]</p>
