{"id":1836,"date":"2022-09-06T21:26:22","date_gmt":"2022-09-06T21:26:22","guid":{"rendered":"https:\/\/granreproductor.cl\/?post_type=product&#038;p=1836"},"modified":"2022-12-30T15:51:58","modified_gmt":"2022-12-30T15:51:58","slug":"tortolita","status":"publish","type":"product","link":"https:\/\/granreproductor.cl\/index.php\/producto\/tortolita\/","title":{"rendered":"Tortolita"},"content":{"rendered":"<p><em>Este mosto, tiene un estilo dulce con abundante\u00a0 fruta y un toque de tabaco, tierra h\u00fameda y chocolate negro y adem\u00e1s con sutiles toques de pimienta y tequila. Este Producto se enmarca en un gran proyecto Cultural, que viene a mostrar nuestra identidad Chilena y la Crianza del Caballo Chileno.<\/em><\/p>\n<p>TORTOLITA\u00a0 NSA N\u00b0 581 nacida en enero del a\u00f1o 1907, de color barroso con adornos y gran sello racial, fue criada por Don F\u00e9lix Solar, siendo sus caracter\u00edsticas m\u00e1s relevantes fue el sello acampado y extraordinaria en correr la vaca, seg\u00fan el gran criador y jinete de esos a\u00f1os Don Adolfo Luco, hombre de gran prestigio por su buen gusto y\u00a0 amor por los caballos. Esta hembra notable entreg\u00f3 a la gran Torhuela, Alfe\u00f1ique\u00a0 y Paita. Sus hijas Pantallita\u00a0 fue una gran madre en el criadero La Ma\u00f1ana de la familia Lamoliatte\u00a0 y Torhuela base en el criadero la Invernada.<\/p>\n","protected":false},"excerpt":{"rendered":"<p>Gran Reserva<\/p>\n","protected":false},"featured_media":1989,"comment_status":"closed","ping_status":"closed","template":"","meta":[],"product_brand":[],"product_cat":[68],"product_tag":[],"class_list":{"0":"post-1836","1":"product","2":"type-product","3":"status-publish","4":"has-post-thumbnail","6":"product_cat-carmenere","8":"first","9":"instock","10":"shipping-taxable","11":"product-type-simple"},"_links":{"self":[{"href":"https:\/\/granreproductor.cl\/index.php\/wp-json\/wp\/v2\/product\/1836","targetHints":{"allow":["GET"]}}],"collection":[{"href":"https:\/\/granreproductor.cl\/index.php\/wp-json\/wp\/v2\/product"}],"about":[{"href":"https:\/\/granreproductor.cl\/index.php\/wp-json\/wp\/v2\/types\/product"}],"replies":[{"embeddable":true,"href":"https:\/\/granreproductor.cl\/index.php\/wp-json\/wp\/v2\/comments?post=1836"}],"version-history":[{"count":3,"href":"https:\/\/granreproductor.cl\/index.php\/wp-json\/wp\/v2\/product\/1836\/revisions"}],"predecessor-version":[{"id":2518,"href":"https:\/\/granreproductor.cl\/index.php\/wp-json\/wp\/v2\/product\/1836\/revisions\/2518"}],"wp:featuredmedia":[{"embeddable":true,"href":"https:\/\/granreproductor.cl\/index.php\/wp-json\/wp\/v2\/media\/1989"}],"wp:attachment":[{"href":"https:\/\/granreproductor.cl\/index.php\/wp-json\/wp\/v2\/media?parent=1836"}],"wp:term":[{"taxonomy":"product_brand","embeddable":true,"href":"https:\/\/granreproductor.cl\/index.php\/wp-json\/wp\/v2\/product_brand?post=1836"},{"taxonomy":"product_cat","embeddable":true,"href":"https:\/\/granreproductor.cl\/index.php\/wp-json\/wp\/v2\/product_cat?post=1836"},{"taxonomy":"product_tag","embeddable":true,"href":"https:\/\/granreproductor.cl\/index.php\/wp-json\/wp\/v2\/product_tag?post=1836"}],"curies":[{"name":"wp","href":"https:\/\/api.w.org\/{rel}","templated":true}]}}