{"id":1828,"date":"2022-09-06T21:16:56","date_gmt":"2022-09-06T21:16:56","guid":{"rendered":"https:\/\/granreproductor.cl\/?post_type=product&#038;p=1828"},"modified":"2022-12-30T15:04:30","modified_gmt":"2022-12-30T15:04:30","slug":"franela","status":"publish","type":"product","link":"https:\/\/granreproductor.cl\/index.php\/producto\/franela\/","title":{"rendered":"Franela"},"content":{"rendered":"<p><em>Este mosto, tiene un estilo dulce con abundante\u00a0 fruta y un toque de tabaco, tierra h\u00fameda y chocolate negro y adem\u00e1s con sutiles toques de pimienta y tequila. Este Producto se enmarca en un gran proyecto Cultural, que viene a mostrar nuestra identidad Chilena y la Crianza del Caballo Chileno.<\/em><\/p>\n<p>FRANELA\u00a0NSA N\u00b0 1595 nacida en septiembre del 1915, hija del potro Alfil II en madre Tesonera\u00a0por\u00a0Tintero\u00a0hijo del gran potro\u00a0Guante I y la hembra Vicu\u00f1a\u00a0hija directa de\u00a0Guante I, por lo tanto el potro Quebrado\u00a0es imbreding en Guante I. Considerada dentro de la raza caballar chilena como la gran madre del potro que hasta nuestros d\u00edas\u00a0es considerado la base del caballo chileno \u201cQUEBRADO\u201d Padre de Raza, dejando su presencia hist\u00f3rica, dentro de los ejemplares m\u00e1s conocidos como Bellaco,\u00a0Taco, Rigor y Comunista. Tambi\u00e9n tercera generaci\u00f3n en la l\u00ednea sangu\u00ednea del gran potro \u201cPichanguero\u201d.<\/p>\n","protected":false},"excerpt":{"rendered":"<p>Gran Reserva<\/p>\n","protected":false},"featured_media":2498,"comment_status":"closed","ping_status":"closed","template":"","meta":[],"product_brand":[],"product_cat":[68],"product_tag":[],"class_list":{"0":"post-1828","1":"product","2":"type-product","3":"status-publish","4":"has-post-thumbnail","6":"product_cat-carmenere","8":"first","9":"instock","10":"shipping-taxable","11":"product-type-simple"},"_links":{"self":[{"href":"https:\/\/granreproductor.cl\/index.php\/wp-json\/wp\/v2\/product\/1828","targetHints":{"allow":["GET"]}}],"collection":[{"href":"https:\/\/granreproductor.cl\/index.php\/wp-json\/wp\/v2\/product"}],"about":[{"href":"https:\/\/granreproductor.cl\/index.php\/wp-json\/wp\/v2\/types\/product"}],"replies":[{"embeddable":true,"href":"https:\/\/granreproductor.cl\/index.php\/wp-json\/wp\/v2\/comments?post=1828"}],"version-history":[{"count":4,"href":"https:\/\/granreproductor.cl\/index.php\/wp-json\/wp\/v2\/product\/1828\/revisions"}],"predecessor-version":[{"id":2517,"href":"https:\/\/granreproductor.cl\/index.php\/wp-json\/wp\/v2\/product\/1828\/revisions\/2517"}],"wp:featuredmedia":[{"embeddable":true,"href":"https:\/\/granreproductor.cl\/index.php\/wp-json\/wp\/v2\/media\/2498"}],"wp:attachment":[{"href":"https:\/\/granreproductor.cl\/index.php\/wp-json\/wp\/v2\/media?parent=1828"}],"wp:term":[{"taxonomy":"product_brand","embeddable":true,"href":"https:\/\/granreproductor.cl\/index.php\/wp-json\/wp\/v2\/product_brand?post=1828"},{"taxonomy":"product_cat","embeddable":true,"href":"https:\/\/granreproductor.cl\/index.php\/wp-json\/wp\/v2\/product_cat?post=1828"},{"taxonomy":"product_tag","embeddable":true,"href":"https:\/\/granreproductor.cl\/index.php\/wp-json\/wp\/v2\/product_tag?post=1828"}],"curies":[{"name":"wp","href":"https:\/\/api.w.org\/{rel}","templated":true}]}}