{"id":1768,"date":"2022-09-02T23:27:07","date_gmt":"2022-09-02T23:27:07","guid":{"rendered":"https:\/\/granreproductor.cl\/?post_type=product&#038;p=1768"},"modified":"2022-11-04T20:42:55","modified_gmt":"2022-11-04T20:42:55","slug":"quebrado","status":"publish","type":"product","link":"https:\/\/granreproductor.cl\/index.php\/producto\/quebrado\/","title":{"rendered":"Quebrado"},"content":{"rendered":"<p><em>Intenso color rojo rub\u00ed. En nariz descubrimos la personalidad del terroir de Cauquenes, con frutas rojas como ciruelas y blueberrys en perfecto equilibrio con su envejecimiento en roble franc\u00e9s. Con notas a caf\u00e9 y delicadas notas a vainilla. Estos Vinos llevan a su mesa la historia de los Padres de Raza de nuestro caballo chileno.<\/em><\/p>\n<p>El\u00a0 potro chileno en el a\u00f1o 1919 en Aculeo, hijo del potro Cristal I en la Franela, es y ha sido uno de los grandes Jefes y Padres del mundo corralero, dejo 107 hijos inscritos y una gran cantidad de otros no inscritos, gran potro de sangre e instintos reseros o vaqueros, poseedor de un gran sello racial que ha pasado de generaci\u00f3n en generaci\u00f3n, hasta nuestros d\u00edas, su descendiente m\u00e1s famoso es el gran reproductor \u00abEstribillo\u00bb que a dado caballos notables en el rodeo chileno.<\/p>\n","protected":false},"excerpt":{"rendered":"<p>Gran Reserva<\/p>\n","protected":false},"featured_media":1996,"comment_status":"closed","ping_status":"closed","template":"","meta":[],"product_brand":[],"product_cat":[67],"product_tag":[],"class_list":{"0":"post-1768","1":"product","2":"type-product","3":"status-publish","4":"has-post-thumbnail","6":"product_cat-cabernet-sauvignon","8":"first","9":"instock","10":"shipping-taxable","11":"product-type-simple"},"_links":{"self":[{"href":"https:\/\/granreproductor.cl\/index.php\/wp-json\/wp\/v2\/product\/1768","targetHints":{"allow":["GET"]}}],"collection":[{"href":"https:\/\/granreproductor.cl\/index.php\/wp-json\/wp\/v2\/product"}],"about":[{"href":"https:\/\/granreproductor.cl\/index.php\/wp-json\/wp\/v2\/types\/product"}],"replies":[{"embeddable":true,"href":"https:\/\/granreproductor.cl\/index.php\/wp-json\/wp\/v2\/comments?post=1768"}],"version-history":[{"count":3,"href":"https:\/\/granreproductor.cl\/index.php\/wp-json\/wp\/v2\/product\/1768\/revisions"}],"predecessor-version":[{"id":2081,"href":"https:\/\/granreproductor.cl\/index.php\/wp-json\/wp\/v2\/product\/1768\/revisions\/2081"}],"wp:featuredmedia":[{"embeddable":true,"href":"https:\/\/granreproductor.cl\/index.php\/wp-json\/wp\/v2\/media\/1996"}],"wp:attachment":[{"href":"https:\/\/granreproductor.cl\/index.php\/wp-json\/wp\/v2\/media?parent=1768"}],"wp:term":[{"taxonomy":"product_brand","embeddable":true,"href":"https:\/\/granreproductor.cl\/index.php\/wp-json\/wp\/v2\/product_brand?post=1768"},{"taxonomy":"product_cat","embeddable":true,"href":"https:\/\/granreproductor.cl\/index.php\/wp-json\/wp\/v2\/product_cat?post=1768"},{"taxonomy":"product_tag","embeddable":true,"href":"https:\/\/granreproductor.cl\/index.php\/wp-json\/wp\/v2\/product_tag?post=1768"}],"curies":[{"name":"wp","href":"https:\/\/api.w.org\/{rel}","templated":true}]}}